 -13. Suppose 0*t - u = -t, -d*u = -t - 1. Suppose -4*z = -37 + t. List the prime factors of z.
3
Let a(w) = w**2 + 9*w + 7. Let d be a(-7). Let o = d - -18. List the prime factors of o.
11
Let a be (-3 + 3)*1 - -2. Suppose -l + 22 = a. List the prime factors of l.
2, 5
Suppose -4*v + 0*t + 109 = t, 0 = 5*v + 4*t - 139. Let f = v + 5. Suppose 0 = 2*g - f - 24. What are the prime factors of g?
2, 7
Let u(l) = 3*l - 7. Let s be u(7). Let n(a) = a**3 - a + 3. Let d be n(-3). List the prime factors of d/s*(-80)/3.
2, 5
Let k(m) = m + 3. Let g be k(-8). Let y = 29 - 13. List the prime factors of (g - 7)/((-6)/y).
2
Let p(b) be the third derivative of 0*b + 1/20*b**5 + 0 - 7/24*b**4 - 6*b**2 + b**3. List the prime factors of p(5).
2, 23
Suppose -108*t + 7 = -115*t. Let m(p) = 3*p**2 - 2*p. Let y be m(-2). What are the prime factors of y - 1 - (-5 - t)?
19
Suppose 0*y - 200 = -5*q - 2*y, 4*q - 4*y = 132. Suppose c = -0*c + 18. Let s = q - c. What are the prime factors of s?
2, 5
Suppose 11*p = 20368 + 1918. List the prime factors of p.
2, 1013
List the prime factors of 926*(-4)/(-16)*2.
463
Let o(d) = -d - 6. Let f be o(-6). Suppose f = z + 1 - 2. Let g = 3 + z. What are the prime factors of g?
2
Let g be 48/(-32) - 841/2. List the prime factors of 6/(-33) - g/22.
19
Let v = 69 + -60. Let i(f) = 13*f - 40. List the prime factors of i(v).
7, 11
Let o be (-18)/(-4)*((-2)/(-3))/1. What are the prime factors of 556/(5 + -1) + o?
2, 71
What are the prime factors of (-15642)/(-27) + 16/24?
2, 5, 29
Let l(t) be the third derivative of -3*t**4/4 - 2*t**3/3 + 15*t**2. List the prime factors of l(-6).
2, 13
Let u be 108/(-45)*(-5)/2. Let c = 7 - u. Suppose m - 20 - c = 0. What are the prime factors of m?
3, 7
Let t = 3111 - 895. What are the prime factors of t?
2, 277
Let k(o) = -o**2 + 5*o - 1. Let h be k(4). Suppose -4*w = -4*j - 20, -h*j + 2 = 2*w - 3. List the prime factors of (j/(-2))/((-10)/(-340)).
17
Let b(r) be the first derivative of -3*r**2/2 + 7*r + 6. Suppose -3*c - 18 = -0*c. What are the prime factors of b(c)?
5
Suppose 2*w + w - 5*x + 23 = 0, 5*x - 5 = 0. List the prime factors of (6*8/w)/(-1).
2
Let v = 113 - 166. Suppose k - 1 + 18 = 0. Let q = k - v. List the prime factors of q.
2, 3
Suppose -475 = -5*k - 30. Let t = 23 - k. What are the prime factors of (-4)/(-24)*-4*t?
2, 11
Suppose -3*u + 5304 = -3*p, 5*p = 2*u + u - 5300. What are the prime factors of u?
2, 3, 5, 59
Let d be 10*5/(-2)*(-24)/30. Suppose 43 = 9*m - d. What are the prime factors of m?
7
Let h = -1198 - -2715. What are the prime factors of h?
37, 41
Suppose d - 1218 = -z, -1 = 3*d + 2. List the prime factors of z.
23, 53
Suppose -3*i = -4*z + 13, -3*z - z - 2*i = -38. Let w be 2092/1 + (z - 11). List the prime factors of w/63 - (-1)/(-7).
3, 11
Suppose 4*y + 12 = -4, -s - 5*y + 2328 = 0. What are the prime factors of s?
2, 587
What are the prime factors of 63/168 - (-1 - 14605/8)?
3, 7, 29
Let p(g) = 160*g**2 + 20*g - 53. What are the prime factors of p(3)?
1447
Let u = -1239 - -3230. What are the prime factors of u?
11, 181
Suppose 0 = -4*j + 3*j + 2*m + 1622, 3*j - 2*m - 4882 = 0. List the prime factors of j.
2, 5, 163
Let q = 623 + 412. List the prime factors of q.
3, 5, 23
Let d = -519 + 903. What are the prime factors of d?
2, 3
Let i(y) = 15*y**2 - 9*y - 2. Let w be i(3). Let l = w - 32. What are the prime factors of l?
2, 37
Let w be -2*2/((-16)/12). What are the prime factors of (684/48)/(w/4)?
19
Let d be -2 + 2 - (4 + 0). List the prime factors of (15 - d) + (-1 - -4).
2, 11
What are the prime factors of (-15 + 1)/(1*22/(-55))?
5, 7
Let y = -354 - -661. List the prime factors of y.
307
Let q = 4844 + -2646. List the prime factors of q.
2, 7, 157
Let t(y) = -2*y**2 - 10*y + 10. Let g(c) = -2*c**2 - 9*c + 9. Let j(f) = -3*g(f) + 2*t(f). What are the prime factors of j(-6)?
23
Suppose 38 = s - 5*t, -2*t = s + t - 62. Let j = 108 - 104. Suppose 3*r + 77 = 2*d, -5*r + s = j*d - 2*d. What are the prime factors of d?
2, 17
Suppose -6 = -6*w + 3*w + 2*o, 0 = -3*o - 9. Suppose 4*j + w*j + 4*k = 488, 4*k - 128 = -j. List the prime factors of j.
2, 3, 5
Let a(k) = 7*k**2 + 2*k - 1. Let s = 15 - 3. Let q be 3/(s/(-8)) + 4. What are the prime factors of a(q)?
31
Let v = -12 + 2. Let a = v - -24. What are the prime factors of a?
2, 7
Let g(v) = 48*v - 8. Let k(c) = 24*c - 4. Let y(i) = -4*g(i) + 9*k(i). Let q be y(6). Suppose -r = 6*r - q. List the prime factors of r.
2, 5
Let r be 1 + 1*(-3)/(-3). Let s = 38 - 35. Suppose 3*i - 55 = -r*a + 2*i, -4*i = s*a - 90. What are the prime factors of a?
2, 13
Let u = 81 + -50. Let q be -4*u*2/8. Let y = 60 + q. What are the prime factors of y?
29
Suppose 0 = 4*f + 3*x - 42, -2*f - 3*f - 3*x = -54. Let h be 3*(32/f + -1). Suppose h*v - 73 - 22 = 0. List the prime factors of v.
19
Let g = -25 - -29. Suppose -5*m = -2*m - s - 99, 0 = -m + g*s + 44. List the prime factors of m.
2
Let p = 6 - -8. Let z = p + -9. Suppose 21 = -z*h + 76. What are the prime factors of h?
11
Let o(y) = 8*y**2 + 3*y + 19. Let n be o(-6). Suppose 0 = l + 3*t - 61, -l - n = -6*l + t. List the prime factors of l.
2, 29
Suppose -43*t - 8*t + 10098 = 0. What are the prime factors of t?
2, 3, 11
Suppose 0 = -i - 3*i - 2*a + 1364, 0 = a + 4. What are the prime factors of i?
7
Let c(f) = 2*f**3 - 9*f**2 + 7*f + 9. Let i be c(6). Let b = i + -34. List the prime factors of b.
5
Suppose 0 = 4*y - 1043 + 211. List the prime factors of y.
2, 13
Let h(y) be the third derivative of y**6/120 - y**5/12 - y**4/8 - y**3/3 + 4*y**2. Let f be h(-3). Let t = 93 + f. What are the prime factors of t?
2, 7
Let u(n) = n**2 - 8*n + 11. Let z be u(7). Suppose 0 = -w + 3 + 1, -z*c - w = -292. List the prime factors of c.
2, 3
Suppose -k = -c + 3*c - 9, 12 = -c + 5*k. Suppose 4*x = c*x - p + 69, 15 = 5*p. What are the prime factors of x?
2, 3, 11
Suppose -4*w + 7*v - 5*v = -1528, 780 = 2*w - 5*v. What are the prime factors of w?
2, 5, 19
Let n(w) = -6*w + 5*w - 2*w - 3. List the prime factors of n(-4).
3
Let k = 46 + -42. List the prime factors of (2 + (-580)/6)*(-6)/k.
2, 71
Let i(p) = -4*p + 6. Let m be 1/(-3) + 3/9. Suppose -6*d - 30 = -m*d. List the prime factors of i(d).
2, 13
What are the prime factors of 261/(-4)*(-644)/21?
3, 23, 29
List the prime factors of ((-4)/1 + 1101)/1.
1097
Suppose -47*a + 44*a + 1656 = 0. What are the prime factors of a?
2, 3, 23
Let h(c) = c**2 + 3*c - 22. Let g be h(-9). Let t = g - 2. List the prime factors of t.
2, 3, 5
List the prime factors of (102/(-85))/((-4)/1670).
3, 167
Suppose 3*q - 2*t = 3*t + 109, -59 = -3*q - 5*t. Let y be -1*q*1/2. Let r(m) = -m**2 - 17*m - 2. List the prime factors of r(y).
2, 5
Suppose w - 29 + 0 = -4*t, 2*t + 48 = 2*w. Suppose -153 - w = -i. List the prime factors of i.
2, 89
Let o(g) = -g**3 + 25*g**2 + 131*g - 66. What are the prime factors of o(29)?
3, 41
Let t(d) = 70*d - 48. What are the prime factors of t(4)?
2, 29
What are the prime factors of 13/52 + (-12014)/(-8)?
2, 751
Suppose -84 = -2*y - 26. What are the prime factors of y?
29
Let w(q) = -88*q + 252. What are the prime factors of w(-10)?
2, 283
Suppose 0 = 5*f - 4*m - 19, -4*f - 4*m + 7 = m. Let n be 1*(0/2)/2. Suppose 5*i + 32 = 4*k, -5*k - 4*i + 2 - f = n. List the prime factors of k.
3
Let t be ((-380)/(-8))/(3/6). Let r = t - 20. List the prime factors of r.
3, 5
Let c(p) = -108*p + 145. List the prime factors of c(-5).
5, 137
Let n = 1718 + -368. What are the prime factors of n?
2, 3, 5
Suppose 0*j - 4*r = -2*j + 24, 3*r + 23 = 4*j. Let l(t) = -t + 5 + 7 + 1 - 17 + 10*t**2. List the prime factors of l(j).
2, 17
Suppose a = -0 - 5. What are the prime factors of a/(-10) - 82/(-4)?
3, 7
Suppose -4*l = -3*z - 10, 0 = -3*z + 5*l - 13 - 1. Let p(b) = 4*b - 7 + 11*b + 11*b. List the prime factors of p(z).
3, 5
Suppose -2*q - 24 = -2*c - 0*q, 2*q + 17 = c. Let o(m) = -m**3 + 5*m - 5*m + c*m + 2*m**2 - 3 + 3*m**2. List the prime factors of o(6).
3
Suppose 0 = -6*m - 0*m. Let f(n) = n**2 - 2*n + 57. What are the prime factors of f(m)?
3, 19
Let u(x) = -8 + 5 - 2 + 1 + 7*x. Let j = -9 - -16. List the prime factors of u(j).
3, 5
Suppose -5*o + 9*o = 2*n + 24, -3*n - 5*o - 3 = 0. Let j(w) = -w**3 - 3*w**2 + w - 2. Let t be j(-4). Let v = n + t. What are the prime f